) = 3*f**3 + 2*f**3 - 2*f - f**2 + 0*f - 1. Give n(w).
-5
Let y(z) = -8*z + 54. Let d be y(7). Let q(f) = 2501 + f**3 - 2*f**3 - 2502 - 2*f**2 - 2*f. Give q(d).
3
Let v(j) = j - 10. Let y(l) = -l + 11. Let i be y(13). Let p = i + -1. Let h = 3 - p. Determine v(h).
-4
Let g(l) = 6*l + 10*l - 156 + 6*l + 8*l. Let a be g(5). Let o(h) = h**3 + 7*h**2 + 4*h - 4. Determine o(a).
8
Let p(k) = -2*k**3 - 66*k**2 + 2*k + 27. Let a = -5270 - -5237. What is p(a)?
-39
Let c(o) = 2*o**2 + 94*o - 1272. Let y be c(11). Let x(r) = 16*r - 63. Calculate x(y).
1
Let q = -202 + 205. Let j(g) = -g**2 + 4*g - 4*g - q*g + 0*g**2. Determine j(-2).
2
Let h(u) = 4*u - 1. Let f(q) = 17*q - 19. Let s(k) = 2*f(k) - 6*h(k). Give s(3).
-2
Let j(b) = b**3 - 13*b**2 + 15*b - 26. Let z be j(12). Suppose 3*c - z = -1. Let h(o) = o - o**c + 10 + 0*o**2 - o**2 - 8 + 0*o. Calculate h(0).
2
Let x(k) = 11*k**3 - 1. Let j(s) be the first derivative of s**2/2 + 41*s - 145. Let p be j(-42). Give x(p).
-12
Let j(p) = -p**2 + 5*p + 7. Let z be (-3 + 4)*(-1 - -3)*47. Suppose 5*g - z = -104. Let t be (-1)/((g/4)/((-14)/(-4))). Give j(t).
-7
Suppose -5*a - 1670 = -18*c + 14*c, -4*a + 2*c - 1336 = 0. Let y = a + 333. Let l(j) be the third derivative of -5*j**4/12 - j**3/6 - j**2. Calculate l(y).
9
Let t(q) = q**2 - 9*q + 8. Suppose -10*f = -5*y - 15*f + 25, 2*f = -4. Give t(y).
-6
Let c(p) be the first derivative of -3/2*p**2 - 6*p - 35. Determine c(-3).
3
Let z(r) = r - 5. Let n be 6/(-4) + 18/(-12). Let i be (3 + n - -3)/(-1). Let f(c) = -1. Let d(j) = i*f(j) + z(j). Give d(6).
4
Let w(r) = -25 + 6 - 53*r**2 + 55*r**2 - 13*r - 3*r**2. Determine w(-11).
3
Let o(l) = l**3 - 108*l**2 - 449*l + 119. Let k be o(112). Let h(y) = -y**3 + 5*y**2 + 15*y - 21. Give h(k).
-14
Let l(m) be the first derivative of -m**3/3 - 9*m**2/2 - 2*m - 2. Suppose -885*x + 453*x + 441*x + 63 = 0. What is l(x)?
12
Let m(b) = -b**3 + 4*b**2 + 7*b. Let s be (-72)/27*(-45)/12. Suppose -3*v = 4*g + 5, -7*v + s*v + 10 = -5*g. Determine m(v).
10
Let i(r) = -2*r**2 - 27*r + 39. Let t = -7564 + 7549. Determine i(t).
-6
Let d(p) = -p**2 - 5*p - 7. Let u be 1*-1 - (-11 + 8). Suppose 29 = 2*b - r, u*b + 2*r = r + 31. Suppose -5 = b*q - 14*q. Determine d(q).
-7
Suppose -5*b - 4*l - 25 = 0, -3*l + 20 = -4*b + 2*l. Let h be b/(-1) + -6*7/21. Let j(f) = 1 + 4*f**3 + 0*f**h + 7*f**3 - 12*f**3 - 2*f**2. Determine j(-1).
0
Let b(p) = 193*p - 1375. Let k be b(7). Let z(h) = -h**2 - 27*h - 77. Calculate z(k).
-5
Let f = 55 + -49. Suppose 0 = 6*l + f*l + 72. Let z be (l - -3) + (-4 - 1). Let b(u) = 2*u + 1. What is b(z)?
-15
Suppose -13 = -2*y - 9. Let l(b) = -173*b**3 + 2*b**2 - 9*b**y + 1 + 174*b**3 + b. Calculate l(7).
8
Let b(g) = -g**3 - 3*g**2 + 6*g - 1. Let t(s) = 5*s**3 + 9*s**2 - 29*s + 2. Let h(z) = -4*b(z) - t(z). Let q(m) = m**2 - 6*m - 3. Let f be q(7). Calculate h(f).
6
Let v(k) = 13*k. Let l(y) = 168*y. Let h(g) = 2*l(g) - 27*v(g). Suppose -3*u - 4*w - 22 = 0, -5*u + 2*w + 18 = -10*u. Determine h(u).
30
Let j(n) = 15*n + 370. Suppose 215*m = 182*m - 825. Determine j(m).
-5
Let t = -25 + 30. Let i = t - 10. Let q(l) be the third derivative of l**5/60 + l**4/3 + 7*l**3/6 - 30*l**2. Calculate q(i).
-8
Let y = -107 + 131. Let i(h) = y + 6*h**2 - h**3 - 3*h - 4*h - 30 + 3*h. Determine i(5).
-1
Let i(b) = 6*b + 9532 - 19045 + 9524. Determine i(-4).
-13
Let r(f) be the first derivative of -f**4/4 - 11*f**3/3 + 138*f**2 - 8*f + 7237. Determine r(-23).
-8
Let y(x) = x**2 - x + 3. Let o be -1 - -8 - 5 - 0*(-7)/14. Calculate y(o).
5
Let k(q) = -q**2 + 138*q - 799. Let r = 11564 - 11558. What is k(r)?
-7
Let n(j) be the second derivative of -5/6*j**3 + j - 6 + 4*j**2. Calculate n(4).
-12
Let v(i) = -3*i - 4. Let z = 13227 - 13215. Determine v(z).
-40
Let v(c) = -20*c**3 - 10*c**2 - 5*c + 52*c**3 + 3*c - 35*c**3. Calculate v(-2).
-12
Let k be (10 - (-4 + 9)) + -3. Let t(l) = 58*l**2 - 2*l - 37*l**2 - 26*l**k - 1 + 2. Give t(-2).
-15
Let a(u) = 6*u + 39. Let w = -7592 - -7587. Calculate a(w).
9
Let d(z) = 4*z**2 + 233 + 41*z**3 - 260 - 2*z + 4*z**2 - 42*z**3. Calculate d(7).
8
Let x be 2/8 + (-6)/(-8) + 1. Let g(w) = 4 - 1 + 4 + 7*w**x + 5 - 11. Give g(-2).
29
Let j(q) = q**2 - 30*q - 12. Let v(i) = -9*i**2 - 188*i - 129. Let z be v(-20). What is j(z)?
19
Let x(m) be the second derivative of -m**3/6 + 5*m**2/2 - m + 755. Calculate x(-7).
12
Let m(a) = a - 1. Let q(i) = 5*i - 10. Let h(r) = 6*m(r) - q(r). Let j be 7840/1904 + (-4)/34. Suppose -l - 5*v = j*l + 40, -20 = 4*l - 2*v. Give h(l).
-2
Suppose 36*s = 90 - 18. Let u(d) be the second derivative of 13*d - 2/3*d**3 + 0 + 3*d**s. What is u(4)?
-10
Let v = 403 - 401. Let z be v*(5/2 + -1). Let n(l) = 5*l + 2. Give n(z).
17
Suppose 4*x - 5*x = 4*p - 88, 2*p = x + 38. Suppose 9*c + p = 6*c. Let s(y) = -y - 13. Give s(c).
-6
Let w(f) be the third derivative of -f**5/30 - f**4/12 - f**3/2 + 4926*f**2. What is w(5)?
-63
Let v(o) = -o**2 + 7*o - 4. Let n be v(5). Let c(a) be the first derivative of -a**3/3 + 9*a**2/2 - 7*a - 3798. Calculate c(n).
11
Let v(c) = -42*c - 198. Suppose 86 = -15*l + 11. Let j be v(l). Let k(d) = -d**2 + 13*d + 4. Calculate k(j).
16
Let p(h) be the second derivative of -h**3/3 - 2*h**2 + 3*h. Let s be p(-3). Let o(a) = 3 - 6*a - 9*a**2 + 26*a**s - 8*a**2 - 10*a**2. Determine o(-7).
-4
Let r(i) = i**2 - 5*i - 4. Let l = -9 + 13. Let j = 10 + -8. Let c be ((384/(-56))/l)/(j/(-7)). Give r(c).
2
Let x(o) be the second derivative of -1/6*o**3 + 2*o**2 - 15*o + 4. Let y(t) = -t**2 - 5*t + 7. Let g be y(-5). Give x(g).
-3
Suppose -43*s + 42*s - 180 = 0. Let i = -186 - s. Let o(a) = a**3 + 7*a**2 + 6*a + 8. Give o(i).
8
Let w(n) be the first derivative of -n**6/360 + n**5/120 + n**4/8 - 34*n**3 - 85. Let d(t) be the third derivative of w(t). What is d(-3)?
-9
Let l(h) = h**3 - 20*h**2 - 39*h + 15. Let p be l(22). Suppose 8*t - p = -17*t. Let u(k) = -k**2 + 5*k - 1. Give u(t).
-1
Let u(w) be the third derivative of -2/3*w**3 + 0 + 0*w - 1/4*w**4 - 192*w**2. Determine u(6).
-40
Suppose -5*s + 20 = -5*o, 0 = 5*o - 98*s + 102*s + 20. Let j(x) = x + 5 - 1 + 0*x**2 + x**2. What is j(o)?
16
Let c(g) = g**3 + 5*g**2 - 6*g. Let x = -4288 + 4282. What is c(x)?
0
Let s be (1 - -1) + -1 + -2 + (-168)/(-56). Let m(c) = 10*c**2 + c - 6. Calculate m(s).
36
Let o(d) be the first derivative of -d**6/120 - 7*d**5/60 - 7*d**4/24 + d**3/6 + 7*d**2/2 - d - 124. Let l(g) be the second derivative of o(g). What is l(-6)?
7
Let j(c) = 94 - 23 - 65 - 39*c. Determine j(0).
6
Suppose -323 + 105 = 2*w. Let i = -108 - w. Let q(s) = -2*s - 1. What is q(i)?
-3
Let z(u) = 3*u**2 + 2*u. Let t be z(-3). Let a(i) = -t*i + 4*i**2 + 2 + 0 + 15*i. Let h be a(2). Let j(x) = -x - 7. What is j(h)?
-13
Let h(i) = i**2 + 6*i - 2. Suppose 5*o + 3*b - 42 = 0, 3*b = -4*o + 2*b + 28. Suppose -22 = 4*v + o. Determine h(v).
5
Let a(s) = -3*s - 12 + 12*s - s**3 + 2*s - 10*s**2. Suppose -1506*t - 16509 - 3990 + 3933 = 0. Give a(t).
-12
Suppose 22 = -2*g - 171*k + 170*k, -4*k - 11 = -3*g. Let j(p) = -p**2 + 8*p + 120. Calculate j(g).
15
Let w(u) = -20*u + 28606 + 12*u - 28631. Calculate w(-8).
39
Let q(j) = -45 + 43 + j - 2*j**2 + 5*j. Let c = -75 - -77. Let t be c + 10/25*5. What is q(t)?
-10
Let n(k) be the second derivative of -k**3/6 - 15*k**2/2 + 97891*k - 2. Let u(r) = -2*r - 4. Let h be u(-4). Suppose h*m + m = -55. What is n(m)?
-4
Suppose 0 = 2*u - 4*u + 8. Suppose -41 = -u*j - 9. Suppose 4*b + 11 + j = l, -l - 2*b = 5. Let o(v) = v + 2. Calculate o(l).
5
Let t(y) = -5*y - 1. Let z(u) = -22*u + 14 + 18 - 36. Let g(h) = 9*t(h) - 2*z(h). Let f(q) = -q**2 + 9*q + 5. Let x be f(9). Determine g(x).
-6
Suppose w - 6*w + g + 18 = 0, 5*w - 2*g = 21. Let h(p) be the first derivative of -6*p + 5/2*p**2 + 1/3*p**w + 3. Give h(-5).
-6
Let m(b) = 704*b**2 + 7741*b - 38. Let j be m(-11). Let p(z) = -2*z - 4 - 2*z + 4*z**2 + 4*z**3 - 3*z**3. What is p(j)?
-9
Let y(h) = -3 - h**3 - 1898*h**2 + 955*h**2 + 950*h**2 - 12 - 4*h. Give y(6).
-3
Let q(b) = -b**3 - 12*b**2 + 15*b - 2. Suppose 3*d = 4*i - 39, d + i + 323 - 310 = 0. Determine q(d).
-28
Let t(g) = -g**3 - 3*g**2 + 6*g + 21. Let a be t(-3). Suppose -3*r - 4*o = -18, a*r + 2*r + 4*o = 22. Let i(j) = -3 - 210*j + j**3 + 208*j + 3. Give i(r).
4
Let u(p) be the third derivativ